 500394 is divided by 166780?
54
Calculate the remainder when 456033 is divided by 1039.
951
What is the remainder when 10650837 is divided by 1331350?
37
Calculate the remainder when 1432264 is divided by 429.
262
What is the remainder when 114165 is divided by 5432?
93
Calculate the remainder when 446960 is divided by 3229.
1358
Calculate the remainder when 124961 is divided by 821.
169
What is the remainder when 1204839192 is divided by 735?
732
Calculate the remainder when 803758 is divided by 12365.
33
What is the remainder when 4152388 is divided by 1385?
158
What is the remainder when 92649877 is divided by 5787?
7
What is the remainder when 42950056 is divided by 17?
15
Calculate the remainder when 322482 is divided by 177.
165
What is the remainder when 1322291 is divided by 34797?
5
Calculate the remainder when 885043 is divided by 10057.
27
Calculate the remainder when 282682 is divided by 4173.
3091
What is the remainder when 73572 is divided by 1498?
170
Calculate the remainder when 4422331 is divided by 5796.
5779
What is the remainder when 1913041 is divided by 637664?
49
What is the remainder when 76635 is divided by 23811?
5202
Calculate the remainder when 4658279 is divided by 11335.
10929
Calculate the remainder when 1987690 is divided by 16988.
94
What is the remainder when 78909248 is divided by 3365?
3363
What is the remainder when 121429642 is divided by 14?
12
Calculate the remainder when 1091852138 is divided by 4.
2
What is the remainder when 131319303 is divided by 9819?
9816
Calculate the remainder when 2941118 is divided by 24509.
38
What is the remainder when 116390673 is divided by 19?
17
What is the remainder when 3737022 is divided by 2641?
7
What is the remainder when 92420 is divided by 5773?
52
Calculate the remainder when 1048590 is divided by 262143.
18
What is the remainder when 243355 is divided by 121642?
71
What is the remainder when 7705 is divided by 290?
165
What is the remainder when 7415913 is divided by 9435?
3
Calculate the remainder when 173681 is divided by 404.
365
Calculate the remainder when 6570898 is divided by 44.
26
Calculate the remainder when 2336026 is divided by 84.
70
What is the remainder when 4028196 is divided by 7206?
42
Calculate the remainder when 26568 is divided by 25116.
1452
What is the remainder when 32225 is divided by 31525?
700
Calculate the remainder when 775069 is divided by 2165.
2164
What is the remainder when 61958 is divided by 12228?
818
Calculate the remainder when 2268422 is divided by 9.
8
What is the remainder when 176376 is divided by 1735?
1141
What is the remainder when 113991553 is divided by 3673?
3671
Calculate the remainder when 21224774 is divided by 191.
90
Calculate the remainder when 549434265 is divided by 63.
51
What is the remainder when 4879189 is divided by 27566?
7
Calculate the remainder when 55295 is divided by 18059.
1118
What is the remainder when 30238 is divided by 1197?
313
What is the remainder when 910032 is divided by 82730?
2
What is the remainder when 6797770 is divided by 31040?
10
Calculate the remainder when 676539 is divided by 9629.
2509
What is the remainder when 2137098 is divided by 3823?
41
What is the remainder when 1727675 is divided by 40?
35
What is the remainder when 291908 is divided by 12686?
130
Calculate the remainder when 5482510 is divided by 14.
12
What is the remainder when 21564 is divided by 10557?
450
Calculate the remainder when 4849848 is divided by 285269.
275
What is the remainder when 2451417 is divided by 612848?
25
Calculate the remainder when 4653598 is divided by 465338.
218
What is the remainder when 194288 is divided by 64733?
89
Calculate the remainder when 4640906 is divided by 1160217.
38
Calculate the remainder when 2735108 is divided by 1528.
1516
What is the remainder when 996309 is divided by 861?
132
What is the remainder when 3086 is divided by 205?
11
What is the remainder when 6011477 is divided by 87122?
59
What is the remainder when 202551 is divided by 392?
279
Calculate the remainder when 750282 is divided by 250030.
192
What is the remainder when 14842067 is divided by 2968399?
72
What is the remainder when 145259 is divided by 7063?
3999
Calculate the remainder when 15413 is divided by 7627.
159
Calculate the remainder when 92442 is divided by 5563.
3434
What is the remainder when 838639 is divided by 161?
151
What is the remainder when 2791537 is divided by 930029?
1450
Calculate the remainder when 327748 is divided by 6426.
22
Calculate the remainder when 4152977 is divided by 260.
257
What is the remainder when 19305 is divided by 610?
395
Calculate the remainder when 34051 is divided by 627.
193
What is the remainder when 852085 is divided by 25?
10
What is the remainder when 3806712 is divided by 1725?
1362
Calculate the remainder when 2840985 is divided by 2422.
2401
Calculate the remainder when 953157 is divided by 4005.
3972
What is the remainder when 44265 is divided by 204?
201
What is the remainder when 234834 is divided by 2640?
2514
What is the remainder when 30915 is divided by 4925?
1365
What is the remainder when 643787736 is divided by 291?
288
Calculate the remainder when 300551 is divided by 12011.
276
What is the remainder when 16692 is divided by 16011?
681
Calculate the remainder when 84662164 is divided by 2293.
18
What is the remainder when 47567 is divided by 816?
239
What is the remainder when 16838 is divided by 5542?
212
What is the remainder when 8552524 is divided by 1193?
1100
Calculate the remainder when 170707 is divided by 1152.
211
Calculate the remainder when 1708 is divided by 926.
782
What is the remainder when 2360 is divided by 2141?
219
What is the remainder when 14362318 is divided by 1545?
1543
What is the remainder when 909479 is divided by 3?
2
Calculate the remainder when 5956957 is divided by 5153.
89
What is the remainder when 5713617 is divided by 574?
21
Calculate the remainder when 36269690 is divided by 12089896.
2
Calculate the remainder when 145573 is divided by 10359.
547
Calculate the remainder when 1334629 is divided by 375.
4
Calculate the remainder when 147164 is divided by 12261.
32
What is the remainder when 3080775 is divided by 7683?
7575
Calculate the remainder when 165692994 is divided by 82846496.
2
Calculate the remainder when 138514 is divided by 10064.
7682
What is the remainder when 253811 is divided by 201?
149
Calculate the remainder when 73894 is divided by 18463.
42
What is the remainder when 3673598 is divided by 612243?
140
What is the remainder when 663203 is divided by 104?
99
What is the remainder when 10403220 is divided by 2127?
63
What is the remainder when 891152 is divided by 63?
17
What is the remainder when 21541 is divided by 40?
21
Calculate the remainder when 103884 is divided by 11476.
600
Calculate the remainder when 720606 is divided by 127.
8
What is the remainder when 3416481 is divided by 17981?
91
What is the remainder when 14372362 is divided by 2230?
12
What is the remainder when 88281208 is divided by 2101933?
22
Calculate the remainder when 450405 is divided by 8191.
8091
What is the remainder when 9756359 is divided by 6171?
8
What is the remainder when 3598804 is divided by 1799399?
6
Calculate the remainder when 29480 is divided by 29413.
67
Calculate the remainder when 303147667 is divided by 45.
37
Calculate the remainder when 481110 is divided by 22869.
861
Calculate the remainder when 422406 is divided by 635.
131
Calculate the remainder when 165456 is divided by 3119.
149
What is the remainder when 46850528 is divided by 6338?
32
Calculate the remainder when 28227632 is divided by 37.
36
Calculate the remainder when 6578569 is divided by 19935.
19
Calculate the remainder when 24571 is divided by 2698.
289
Calculate the remainder when 2866789 is divided by 441.
289
What is the remainder when 1206449 is divided by 5815?
2744
Calculate the remainder when 6521082 is divided by 15236.
74
What is the remainder when 12447741 is divided by 207?
3
What is the remainder when 162894 is divided by 2706?
534
Calculate the remainder when 1468158 is divided by 11.
10
What is the remainder when 648366767 is divided by 18?
17
What is the remainder when 7153210 is divided by 8260?
50